mber?
True
Let b be 5/(-25) + 16/5. Let q be (0 - -2)/(b/318). Suppose -2*g = 2*g - q. Is g a composite number?
False
Let g be 2/(-4)*2 + 11. Suppose -q = -g - 9. Is q a composite number?
False
Is -485*((-24)/10 - -2) composite?
True
Let s(x) = -x**3 + 2*x**2 - 1. Let m be s(1). Let v be (-1)/2*m/(-5). Suppose 3*r + 931 = 5*u - v*r, 3*u - 547 = -4*r. Is u a prime number?
False
Let u = -268 + 490. Suppose -17 = 17*b - 0. Is b/2*(0 - u) prime?
False
Is 1 - (-50 + -1 + -3) a prime number?
False
Suppose 0 = 3*r - 3*h - 315, -r + 0*h - 5*h = -135. Suppose 2*j + r = 2*b, 0*b + 5*j + 71 = b. Is b composite?
True
Suppose 5*z - h - 3*h - 6233 = 0, -2*z + 2495 = -h. Is z a prime number?
True
Let y = 401 - 223. Is y composite?
True
Let n = -265 - -461. Suppose n = 2*k + 2*k. Is k composite?
True
Is (-527)/(-5) - 9/(-15) a composite number?
True
Let o = 3163 - 2210. Is o a prime number?
True
Let u be (-174)/10 - 3/5. Is (-4278)/u - (-4)/(-6) composite?
True
Suppose -10*f = -9*f - 327. Is f composite?
True
Suppose 7*f - 1885 = 1384. Is f composite?
False
Let u be (2/2)/((-4)/12). Let r = -1 - u. Suppose r*z = 4*o - 79 - 85, -5*o - 2*z + 223 = 0. Is o composite?
False
Suppose 5*j - 16 = 2*y + 15, j + 1 = 4*y. Suppose 175 = -2*i + j*i. Is i composite?
True
Let x(j) = -4*j**2 - 4*j - 2. Let k(q) = -q**2 - q. Let h(v) = 3*k(v) - x(v). Let z be h(6). Let f = z + -21. Is f prime?
True
Let u be -1 - (3 - -373)/(-2). Is (u/(-2))/((-1)/2) prime?
False
Let l(i) = -i**2 - 16*i + 9. Suppose 40 = -b - 3*b. Is l(b) a prime number?
False
Suppose -4*i + 15 = i. Suppose i*d - 249 = 3*k, -4*k - 29 = -3*d + 220. Is d composite?
False
Suppose w - 19 = 102. Is w composite?
True
Let g = 209 + 292. Is g prime?
False
Let u be (8/12)/(4/18). Suppose 0 = -4*v + q + 212, 77 = u*v - 3*q - 82. Is v a composite number?
False
Let z(q) = 8*q**2 - 21*q - 19. Is z(-20) a composite number?
True
Let o = 8 - 10. Let g be 5/(o*(-2)/124). Suppose 5*u + 2*h - g = 0, -3*h = 4 + 11. Is u a prime number?
False
Suppose -l + 3*v = -86, -5*l + 446 = -v + 2*v. Is l a prime number?
True
Suppose 43 - 15 = 4*x. Suppose 0 = -x*z + 2*z + 10. Let k(g) = 9*g**2 + g + 1. Is k(z) a composite number?
True
Suppose -3*k = 2*k - 3*r + 50, -k = -r + 12. Let j(t) = -t**3 - 5*t**2 + 9*t - 6. Let i be j(k). Let f = i + 2. Is f a composite number?
False
Suppose 488 = 4*l + 4*w, -5*w + 272 = 2*l + 43. Is l a composite number?
False
Is 15/6*(-3522)/(-15) a prime number?
True
Let z = 1038 + -376. Is z prime?
False
Is ((23894/(-8))/13)/((-2)/8) composite?
False
Let w be (-1 - 27)*-1 + -3. Let x = -10 + w. Suppose -x = -2*o + 23. Is o a composite number?
False
Let s(r) = -r - 8. Let u be s(0). Is 29 - u*1/2 prime?
False
Suppose 0 = -2*k + 5*k - 3, -3*g + 4 = -5*k. Suppose 2*u = g*m + 6*u - 365, 2*u = 4. Is m a composite number?
True
Suppose -2*k - 22 = -192. Is k a prime number?
False
Suppose -29 + 2 = 3*n. Let r = n - -23. Suppose q + q - r = 0. Is q a prime number?
True
Let y = -2 - 0. Let r be (-218)/(6/(6/y)). Let b = r - 51. Is b composite?
True
Suppose 0 = 5*w - 2*w - 9. Suppose 0 = 2*z + 4*n - 306, -z = -w*z + n + 331. Is z a composite number?
False
Is ((-4)/6)/((-4)/462) a prime number?
False
Let v = 178 - -265. Is v a prime number?
True
Let h(p) = -14*p**3 + 17*p - 20. Let q(c) = 5*c**3 - 6*c + 7. Let f(a) = 6*h(a) + 17*q(a). Let u be f(0). Is (4 + u)*20/6 composite?
True
Let m = -1015 - -1458. Is m a prime number?
True
Suppose -16*s = -12*s. Suppose 0 = -3*n + k + 1225, s = -0*n + 2*n - 4*k - 830. Is n composite?
True
Let g = -3 - -3. Let p be 5 - (g - 1 - -1). Suppose -p*f = -4*d - 154, 61 = 3*f - 4*d - 25. Is f a prime number?
False
Suppose -5*u + 3*v = -2*u - 630, 2*u - 3*v - 420 = 0. Suppose -3*f = -3*g - f - 293, 0 = f - 1. Let s = u + g. Is s composite?
False
Suppose -4*b - 2*k - 9 = k, -5*b - 3*k - 9 = 0. Suppose 0 = -2*s - 8, b*s + 964 = 3*w + 5*s. Suppose -4*o - 2*i + 306 = 0, -4*o - 5*i = -w + 37. Is o prime?
True
Let p(x) be the first derivative of 1 + 5/3*x**3 + 5/2*x**2 + 5*x. Is p(-4) a composite number?
True
Suppose -3*m = -7 - 11. Suppose -5*d + m = -739. Is d a composite number?
False
Let h = 4 - 4. Suppose -j - 3*j - 160 = h. Let i = j - -61. Is i composite?
True
Let k(j) = j**2 + 3*j + 3*j + 5*j - 4 - 5*j. Let g be k(-7). Suppose -3*f + 77 = -4*r, -5*f = -5*r + g*r - 119. Is f prime?
True
Let c(h) = h**2 - 2*h + 3. Let w(v) = -1. Let j(i) = c(i) + 2*w(i). Let d be j(2). Is d + ((-22)/(-2) - -1) a composite number?
False
Let t(b) = b**2 + 3. Let k be t(0). Is (-202)/(-3) + k/(-9) composite?
False
Suppose 4*p + 1899 = j, 5*j + 5765 - 15336 = p. Is j prime?
False
Let w = -304 + 845. Is w prime?
True
Suppose 1588 = 30*h - 28*h. Is h a composite number?
True
Suppose 33 = 4*w + 9. Let j(a) = 6*a**3 - w + 4*a + 4 - 4*a**3 - 3*a**2. Is j(3) composite?
False
Suppose -5*m + 365 = 5*y, -2*m - 49 = -y + 33. Suppose y = 2*c + 30. Is c a composite number?
False
Let p be -9 - -7 - 2/(-1). Suppose -z - 1 + p = 0. Is 1/(3/(-147)*z) a prime number?
False
Is ((-3)/(-9))/(3/2259) a composite number?
False
Let c be ((-2)/(-4))/(1/2). Suppose 4*j = 3*j - c. Is (86 + 3)*(j + 2) a composite number?
False
Let w = -14 - -99. Is w a prime number?
False
Suppose -k - 2 = -51. Suppose -n = -t - 0*n + k, 5*t - 3*n - 253 = 0. Is t a prime number?
True
Suppose -2*i + 64 = -12. Is i composite?
True
Let t(x) = x**2 - 3. Let v be t(-2). Is -1*268/(-4)*v prime?
True
Let a(g) = 5*g**2 - 7*g + 23. Is a(-7) a composite number?
False
Let s(p) = p**2 + p. Let j be s(-3). Suppose j*z - 815 = z. Is z composite?
False
Suppose 0 = 4*n + 2*g + 520, 4*n - 3*g - 256 = 6*n. Let b = n - -201. Suppose -j = 2*j, -2*t + 5*j = -b. Is t prime?
False
Let d(q) = q**2 - 8*q + 6. Let g be d(7). Let y be (g - (-2 - 1)) + 1. Suppose 2*a = 4*c + 50, -4*a + 40 = -y*a + c. Is a composite?
True
Suppose -y - g + 9 = 0, 3*g - g = -5*y + 33. Is 1/((-3 + y)/322) composite?
True
Let x(i) = -i**2 + 2 - 3*i**2 - 2 - i**3. Let p be x(-4). Is (-115 + p)*-1*1 a composite number?
True
Suppose 50 = -5*q - 5*c, -2*q + 5*c = 2*q + 22. Is 4/(q/(-302)) + -2 composite?
False
Let c = 286 + -164. Is c composite?
True
Let z be 67*3 - 0/(-5). Suppose -v = 2*v - z. Is v prime?
True
Suppose 3*l - 4*r - 565 = 0, 3*l + 4*r = -0*l + 581. Is l prime?
True
Let u = 37 + -3. Let j = -3 + u. Is j a prime number?
True
Let r(w) = -50*w**2 + 2*w + 7. Let h(c) = 25*c**2 - c - 4. Let j(g) = -5*h(g) - 3*r(g). Is j(-1) composite?
True
Let i(b) be the first derivative of b**4/4 + 10*b**3/3 + 5*b**2 + 8*b + 2. Let r be i(-9). Let y(j) = 66*j**2 - 2*j - 1. Is y(r) a composite number?
False
Let s be 0*(-2)/6 + -4. Let l be s - -2*(-2 - -3). Is (-3 - l)*(2 - 13) composite?
False
Suppose -2*z - 1859 = -5*i, -7 + 1 = 3*z. Is i a prime number?
False
Let i(h) = -102*h - 5. Let u(g) = -g. Let z be u(-1). Let d = z - 6. Is i(d) a prime number?
False
Suppose 5*s + 3*a = 6 + 5, 4*s - 12 = -4*a. Suppose m - 24 = s. Is m a composite number?
True
Let s(n) = n**2 + 6*n - 6. Let x be s(10). Is (-1 - -2)/(2/x) composite?
True
Let v(o) be the second derivative of -1/20*o**5 - 3/2*o**3 - 5/6*o**4 + 0 - 2*o - 13/2*o**2. Is v(-10) prime?
False
Suppose 2459 = 5*b - f, 2*b + 3*f = 471 + 499. Is b a composite number?
False
Suppose 0*k + 3*k = -9. Let s(t) = -9*t**3 + 3*t**2 + 4*t - 1. Is s(k) prime?
True
Let x be (-608)/(-12)*(-3)/(-2). Let o be x - (-1 + 2 + 0). Suppose -2*r - 3*r = -o. Is r a prime number?
False
Suppose 0 = 5*q - 0 - 15. Let r = -2 + q. Is 6/3*r - -4 prime?
False
Let s(i) = 14*i - 1. Is s(4) composite?
True
Let a = 817 + -395. Is a a prime number?
False
Let y = -156 - -347. Is y a composite number?
False
Let i = -6 - -5. Let d = i + 0. Let c(p) = -19*p. Is c(d) a prime number?
True
Suppose -5*b + 3541 = 4*n, 2*n - 1110 = -2*b + 662. Is n a composite number?
True
Let c(a) = 261*a + 2. Is c(1) a prime number?
True
Let o(k) = -3*k**3 - 4*k**2 + 2. Is o(-3) composite?
False
Suppose 3*q = v - 170, -4*v = -2*q - 25 - 75. Let z = -20 - q. Is z a prime number?
False
Suppose 0 = -4*g + 14 - 2. Suppose 7*f = g*f + 28. Is f prime?
True
Suppose 2*w - 7*w + 1380 = 0. Suppose 3*u - 399 = 3*f, 4*u + f = -w + 813. Is u prime?
False
Let m = 343 - -522. Is m a composite number?
True
Let v be (8/(-10))/((-3)/15). Suppo